 prime factors of 16091421?
3, 23, 101, 2309
What are the prime factors of 2427508?
2, 149, 4073
What are the prime factors of 1287868?
2, 397, 811
List the prime factors of 421510.
2, 5, 61, 691
List the prime factors of 1607775.
3, 5, 13, 17, 97
What are the prime factors of 1178658?
2, 3, 13, 23, 73
List the prime factors of 13191412.
2, 13, 253681
List the prime factors of 581580.
2, 3, 5, 359
What are the prime factors of 466950?
2, 3, 5, 11, 283
What are the prime factors of 2061423?
3, 7, 13, 839
What are the prime factors of 204059?
204059
What are the prime factors of 632878?
2, 316439
List the prime factors of 1313805.
3, 5, 87587
What are the prime factors of 1400761?
199, 7039
What are the prime factors of 258400?
2, 5, 17, 19
List the prime factors of 4148872.
2, 7, 13, 41, 139
What are the prime factors of 4298010?
2, 3, 5, 23, 6229
List the prime factors of 27423632.
2, 1713977
What are the prime factors of 38887012?
2, 61, 197, 809
What are the prime factors of 39834653?
39834653
List the prime factors of 210351.
3, 70117
What are the prime factors of 81293?
81293
List the prime factors of 270832.
2, 16927
What are the prime factors of 5586220?
2, 5, 279311
List the prime factors of 1072429.
1072429
What are the prime factors of 38290767?
3, 12763589
List the prime factors of 1020526.
2, 13, 39251
What are the prime factors of 29362?
2, 53, 277
What are the prime factors of 887616?
2, 3, 23, 67
What are the prime factors of 5710623?
3, 17, 111973
What are the prime factors of 441716?
2, 11, 10039
List the prime factors of 1641866.
2, 19, 43207
What are the prime factors of 553314?
2, 3, 92219
List the prime factors of 92791.
92791
List the prime factors of 59684.
2, 43, 347
List the prime factors of 2023893.
3, 74959
List the prime factors of 1700618.
2, 29, 109, 269
List the prime factors of 79944.
2, 3, 3331
List the prime factors of 589539.
3, 41, 4793
What are the prime factors of 2792069?
7, 19, 2999
List the prime factors of 700404.
2, 3, 58367
List the prime factors of 120587.
120587
List the prime factors of 299630.
2, 5, 19, 83
List the prime factors of 16390831.
16390831
What are the prime factors of 102779?
79, 1301
What are the prime factors of 2041191?
3, 226799
List the prime factors of 1272512.
2, 59, 337
List the prime factors of 1603713.
3, 534571
What are the prime factors of 1284184?
2, 11, 14593
What are the prime factors of 2232178?
2, 13, 85853
What are the prime factors of 15871330?
2, 5, 487, 3259
List the prime factors of 20020943.
20020943
List the prime factors of 1293681.
3, 23, 18749
What are the prime factors of 266529?
3, 88843
List the prime factors of 621519.
3, 31, 41, 163
List the prime factors of 81183.
3, 27061
List the prime factors of 169356.
2, 3, 11, 1283
What are the prime factors of 10939018?
2, 127, 43067
What are the prime factors of 5892279?
3, 1964093
What are the prime factors of 9489955?
5, 1897991
List the prime factors of 9853821.
3, 23, 181, 263
What are the prime factors of 665372?
2, 397, 419
What are the prime factors of 489471?
3, 241, 677
List the prime factors of 26062413.
3, 13, 31, 21557
What are the prime factors of 5876262?
2, 3, 7, 149, 313
What are the prime factors of 1594622?
2, 797311
What are the prime factors of 474878?
2, 17, 13967
List the prime factors of 463130.
2, 5, 29, 1597
What are the prime factors of 245569?
37, 6637
What are the prime factors of 840176?
2, 52511
List the prime factors of 3661777.
7, 409, 1279
List the prime factors of 1843693.
163, 11311
List the prime factors of 14995494.
2, 3, 23, 29, 1249
List the prime factors of 7089388.
2, 317, 5591
What are the prime factors of 508967?
23, 22129
What are the prime factors of 3983461?
3983461
List the prime factors of 3891188.
2, 7, 19853
List the prime factors of 233271.
3, 25919
What are the prime factors of 650458?
2, 325229
List the prime factors of 783982.
2, 71, 5521
List the prime factors of 3321007.
997, 3331
List the prime factors of 3637424.
2, 7, 47, 691
What are the prime factors of 1085544?
2, 3, 15077
List the prime factors of 361258.
2, 180629
What are the prime factors of 2912157?
3, 223, 1451
What are the prime factors of 1250782?
2, 13, 73, 659
What are the prime factors of 126214?
2, 11, 5737
What are the prime factors of 300549?
3, 100183
List the prime factors of 5196212.
2, 7, 151, 1229
What are the prime factors of 3769751?
3769751
What are the prime factors of 68523?
3, 7, 13, 251
List the prime factors of 27815420.
2, 5, 1390771
List the prime factors of 547808.
2, 17, 19, 53
What are the prime factors of 4827310?
2, 5, 482731
List the prime factors of 137359.
137359
What are the prime factors of 762025?
5, 11, 17, 163
What are the prime factors of 24395961?
3, 47, 173021
What are the prime factors of 114751?
7, 13, 97
List the prime factors of 5029997.
7, 102653
List the prime factors of 9251278.
2, 43, 97, 1109
List the prime factors of 771340.
2, 5, 38567
What are the prime factors of 2674572?
2, 3, 107, 2083
What are the prime factors of 823252?
2, 29, 47, 151
What are the prime factors of 9635192?
2, 7, 17, 29, 349
What are the prime factors of 2381314?
2, 13, 67, 1367
What are the prime factors of 286875?
3, 5, 17
What are the prime factors of 9868226?
2, 4934113
What are the prime factors of 4246461?
3, 199, 2371
List the prime factors of 7639696.
2, 691
What are the prime factors of 733648?
2, 45853
List the prime factors of 3647569.
1283, 2843
What are the prime factors of 91685?
5, 11, 1667
List the prime factors of 772144.
2, 48259
List the prime factors of 108622.
2, 54311
What are the prime factors of 8320283?
733, 11351
List the prime factors of 106640.
2, 5, 31, 43
List the prime factors of 7249947.
3, 2416649
What are the prime factors of 5122630?
2, 5, 281, 1823
What are the prime factors of 4285841?
7, 612263
List the prime factors of 3898825.
5, 7, 22279
What are the prime factors of 802926?
2, 3, 14869
What are the prime factors of 10413?
3, 13, 89
What are the prime factors of 70271?
70271
What are the prime factors of 737910?
2, 3, 5, 911
List the prime factors of 25241936.
2, 31, 50891
What are the prime factors of 12228148?
2, 3057037
What are the prime factors of 1809539?
1809539
What are the prime factors of 99125?
5, 13, 61
What are the prime factors of 490091?
7, 53, 1321
List the prime factors of 28325891.
11, 2575081
List the prime factors of 10686071.
11, 113, 8597
List the prime factors of 652531.
11, 137, 433
What are the prime factors of 2700903?
3, 83, 10847
List the prime factors of 160729.
97, 1657
What are the prime factors of 16103337?
3, 5367779
List the prime factors of 32118.
2, 3, 53, 101
What are the prime factors of 19700830?
2, 5, 1970083
List the prime factors of 5775010.
2, 5, 271, 2131
What are the prime factors of 595480?
2, 5, 14887
List the prime factors of 737195.
5, 47, 3137
What are the prime factors of 18312102?
2, 3, 113, 3001
List the prime factors of 11970016.
2, 374063
What are the prime factors of 167147?
59, 2833
What are the prime factors of 1306424?
2, 7, 41, 569
List the prime factors of 600469.
600469
What are the prime factors of 274047?
3, 167, 547
What are the prime factors of 175048?
2, 21881
List the prime factors of 1296121.
409, 3169
List the prime factors of 6798302.
2, 7, 485593
List the prime factors of 606719.
739, 821
What are the prime factors of 236104?
2, 11, 2683
List the prime factors of 322088.
2, 13, 19, 163
List the prime factors of 24511.
127, 193
What are the prime factors of 163869?
3, 54623
What are the prime factors of 15003662?
2, 151, 49681
What are the prime factors of 217141?
17, 53, 241
List the prime factors of 1521888.
2, 3, 83, 191
List the prime factors of 3395329.
7, 23, 21089
List the prime factors of 891567.
3, 1223
What are the prime factors of 1568829?
3, 522943
List the prime factors of 152950.
2, 5, 7, 19, 23
List the prime factors of 846461.
7, 11, 10993
What are the prime factors of 12812627?
83, 154369
List the prime factors of 86069.
86069
What are the prime factors of 117600?
2, 3, 5, 7
What are the prime factors of 1709230?
2, 5, 59, 2897
List the prime factors of 7577692.
2, 73, 25951
List the prime factors of 333637.
43, 7759
List the prime factors of